*j**2 + 9*j - 307. Let y be n(-10). Let r(o) be the second derivative of 5/2*o**2 - 7/12*o**4 - 5/3*o**3 + y*o + 0 + 1/20*o**5. Determine r(8).
-11
Let p(v) = -24*v - 103. Let f(b) = 10*b**2 + 12*b - 7. Let t be f(0). Determine p(t).
65
Let f(b) be the first derivative of -b**4/4 + b**3/3 + 3*b**2 + 5*b + 16. Determine f(-1).
1
Let r(q) = -q + 17. Let d(z) = -3*z**2 + 2*z + 5. Let g be d(0). Let y be 204/24 + g/(-2). Calculate r(y).
11
Suppose -4*c = -5*c + 7. Let r(p) = -5*p**3 + 12*p**2 - 9*p + 2. Let n(f) = -f**3 + f**2. Let v(s) = 4*n(s) - r(s). Give v(c).
12
Let d(r) = -r + 10. Suppose -14 = -4*x + 2*x. Suppose 5*h = 4*l + 9 + x, 2*h + l - 9 = 0. Suppose 31 = h*k + 11. Determine d(k).
5
Let m(q) = -4*q - 2 + 0 + 4*q**2 + 5 + 1670*q**3 - 1669*q**3. What is m(2)?
19
Let v(p) = 3*p - 11. Suppose 4*m + 8 = i, 2*i + 5*m - 5 = 7*i. Calculate v(i).
-23
Let j be (0 - (-5)/3) + 2/6. Let z(k) be the first derivative of 181*k**2 + 6 - 180*k**j + 0*k + 6*k - 3*k. What is z(-3)?
-3
Let l(z) = 78 + 88 + 85 - 336 + z + 88. Let x = 0 + 2. Suppose -5*t - 2 - 19 = g, -t - 6 = x*g. Calculate l(t).
-1
Let l = -422 + 1198. Let q(j) = 386 - 6*j - l + 391. What is q(6)?
-35
Let i(s) = 18*s - 39. Let r be i(3). Suppose 13*n - 50 = r. Let c(q) = q**2 - 6*q - 4. Calculate c(n).
-9
Let o(b) = -b**2 - 21*b + 119. Suppose -216*q + 1830 = 89*q. Calculate o(q).
-43
Let i(p) = -5*p**3 - p**2 + 17*p - 1. Let l(g) = 3*g**3 + g**2 - 10*g + 1. Let v(w) = -5*i(w) - 8*l(w). Determine v(-3).
-42
Let q(g) be the third derivative of -g**4/24 + g**3/2 - 59*g**2. Suppose 0 = 3*h - 14 + 5. Suppose 30 = -h*c + 8*c. What is q(c)?
-3
Suppose -43*y = -172 - 129. Let l(i) be the third derivative of -i**6/120 + 2*i**5/15 - 7*i**4/24 - 2*i**3 - 118*i**2. Determine l(y).
-12
Let j be -4*(-528)/616*(-14)/(-3). Let y(u) = -3*u + 42. Calculate y(j).
-6
Suppose -2*i = -7*i + 20. Let s(z) be the first derivative of -z**3 + 1/4*z**4 - 1/2*z**2 + 142 - 5*z. Determine s(i).
7
Let c(g) be the second derivative of -5/2*g**3 + 1/24*g**4 + 0 + 9*g + 1/60*g**5 + 0*g**2 + 1/90*g**6. Let j(y) be the second derivative of c(y). What is j(-1)?
3
Let o be 84 - 80 - 6/(-9)*-3. Let n(s) = 11*s**2 - s - 3. Determine n(o).
39
Let s(h) = -7*h**3 + h**2 - 2*h + 1. Let j be (-21)/2*(-28)/21. Suppose -4*x = -j - 22. Suppose x*w + 1 = 10*w. Calculate s(w).
-7
Let c = 220 - 78. Let w(z) = -4 - c*z**2 - 138*z**2 + z**3 - 147*z**2 + 2*z + 423*z**2. Determine w(3).
-7
Let a(d) be the first derivative of d**4/4 + 5*d**3/3 - 2*d**2 - d + 210. Let z = 68 - 74. What is a(z)?
-13
Let d = 94 - 93. Let o(c) be the third derivative of -1/24*c**4 + 1/6*c**3 + 1/24*c**6 - 1/60*c**5 + 0 - 3*c**2 + 0*c. Determine o(d).
4
Let x(b) = b**3 + 21*b**2 - b - 13. Suppose 121 = -5*r - 4*t, 5*t + 85 = -5*r + 10*t. Determine x(r).
8
Let g(i) = 95227 - 6*i - 47628 - 47633. What is g(-4)?
-10
Let g = -3795 - -3781. Let c(r) = -r**2 - 6*r + 116. What is c(g)?
4
Let n(y) be the third derivative of 7*y**2 + 0*y**4 + 14 + 1/120*y**6 + 1/10*y**5 + 0*y - 2/3*y**3. Determine n(-6).
-4
Let k(i) = -i**2 + 13*i - 7. Let c(f) = 3*f**2 + 7*f - 9. Let u(h) = h**2 + 33*h + 86. Let n be u(-30). Let w be c(n). What is k(w)?
15
Let z be (24/44)/((-44)/(-363))*2/3. Let d(y) be the first derivative of -2*y**2 + y + 1. Let w(o) = -o. Let b(j) = 4*d(j) - 11*w(j). What is b(z)?
-11
Suppose 1744 + 102 = 26*s. Let u(n) = -35 - s + 129 + 3*n. What is u(-10)?
-7
Suppose 4*f = 2*m - 40, 425*f = -4*m + 421*f + 56. Let k(w) = -w**3 + 17*w**2 - 14*w + 6. Determine k(m).
38
Let w be (248/14)/2 + (-3)/(-21). Let t(k) = -10 + w + 9*k - 5*k. Give t(6).
23
Let d(h) = -h**3 - 7*h**2 - 6*h. Let n(o) = 17*o**2 + 11*o - 6. Let r be n(3). Let z = 176 - r. Determine d(z).
-24
Let l(y) be the second derivative of y**5/20 + 5*y**4/12 - 5*y**3/6 + 5*y**2/2 - 2*y. Let f(q) = 2*q**3 - 29*q**2 + 95*q - 1656. Let j be f(15). Calculate l(j).
-1
Let c(f) = 9*f - 33. Let m be c(8). Suppose -m*i + 40*i - 81 = 0. Suppose 0 = -79*j + i*j - 4. Let t(w) = w**2 - 3*w. What is t(j)?
-2
Let m(x) = x**3 + 2*x**2 - x - 8. Suppose 0 = -4*r + 5*r - 3*k - 11, 2*r = 4*k + 12. Determine m(r).
-36
Let q(t) = t**3 + 3*t**2 - 5*t - 6. Let w = -55 - 40. Let y = w - -91. Calculate q(y).
-2
Suppose -35 = -4*d + 5*y, -5*d + 16 = y - 6. Let o(t) = -d*t**2 + 1 + t - t**2 + 7*t**2. Let s(v) = -v**2 - 2*v - 2. Let l(u) = 5*o(u) + 3*s(u). Give l(2).
5
Let n(o) be the second derivative of -o**4/12 - o**3/3 + o**2 - 24*o. Let u = -333 - -333. What is n(u)?
2
Let t(x) be the third derivative of x**5/60 - 13*x**4/24 + 4*x**3 + 2589*x**2. What is t(7)?
-18
Let l(u) = -u**3 - 6*u**2 + u + 6. Let i(o) = 301*o + 295. Let s be i(-1). Calculate l(s).
0
Let q(m) = -4*m - 34. Let f = -660 - -656. Calculate q(f).
-18
Let c(f) be the third derivative of -7*f**4/6 - 65*f**3/2 + 2*f**2 - 421. Determine c(-7).
1
Let h(w) = 11*w + 103. Let v(n) = 27*n + 255. Let i(j) = -12*h(j) + 5*v(j). Let o be i(-12). Let g(x) = -x**3 - x**2 - 4. What is g(o)?
-40
Let f(x) = 3*x**2 - 41*x + 32. Let m be f(13). Let a(p) = -p**2 + 15*p - 15. Calculate a(m).
39
Let v(h) = 4*h. Let c(o) = o**2 - 4*o + 1. Let x(l) = 4*c(l) + 20*v(l). Calculate x(-16).
4
Let v(u) = 6*u - 513 + 168 + 167 + 177. Let t(c) = -c**2 - 4*c - 2. Let p be t(-2). Give v(p).
11
Let a be (1 - 2)*0 + -17. Let t = a - -19. Let j(i) = -i**3 - 7 - 9*i**2 - 9*i**2 - 12*i**2 + 24*i**t. Calculate j(-6).
-7
Let k(p) = p**2 - 8*p - 1. Let z be ((-44)/55)/(2/(-10)). Let q be 8 - (z/(0 + -2))/2. Determine k(q).
8
Let f(m) = 33 + 625*m - 1243*m + 49 + 616*m. Calculate f(0).
82
Let q(s) be the first derivative of s**4/12 + s**3 - 7*s**2/2 - 99*s + 21. Let d(c) be the first derivative of q(c). Give d(-7).
0
Let c(k) = -3*k + 26. Let s be c(7). Suppose 7*f + 2*r - 192 = 4*f, 5*r = s*f - 295. Let h = f + -59. Let z(v) = -v**3 + 4*v**2 - 2*v. Calculate z(h).
3
Let t(g) = -105*g + 366. Let s(l) = 89*l - 367. Let n(m) = 5*s(m) + 4*t(m). Calculate n(15).
4
Let b(i) = -i**3 + 14*i**2 - i + 14. Suppose 50*q = -285 + 985. What is b(q)?
0
Let t = -443 - -437. Let o(j) = j**2 + 9*j + 3. What is o(t)?
-15
Let y(d) = 7*d + 1. Suppose -14*p + 8 = -16*p - v, 0 = 4*p - v + 4. What is y(p)?
-13
Let z(f) be the second derivative of f**3/6 + f**2/2 - 41*f. Let n(q) = 6*q + 8. Let d(l) = n(l) - 5*z(l). Give d(-3).
0
Let s = -121 - -123. Let y(a) = -22*a**2 + 9*a**s - 1 - 4*a + 12*a**2. Let b(t) = -2*t + 8. Let c be b(6). What is y(c)?
-1
Let m(j) = j**3 - 19*j**2 - 42*j - 16. Let n(p) = -7*p**2 - 465*p - 177. Let h be n(-66). Give m(h).
-16
Let u(r) = 46*r + 55*r - 2 - 135*r - 3 + 33*r. Determine u(-9).
4
Let c(l) be the first derivative of l**3/3 - 4*l**2 + 18*l + 3924. Determine c(5).
3
Suppose -5*u + 6 + 9 = -w, u + 4*w = 24. Let d = u + -2. Let q(t) be the first derivative of -3*t**2/2 + 1922. Calculate q(d).
-6
Let m(b) = -40*b + 43. Let s be m(7). Let h = 241 + s. Let r(v) = -7*v + 2. What is r(h)?
-26
Let l(h) = -h**2 - 31*h - 49. Let f(b) = -318*b - 2891. Let t be f(-9). Give l(t).
9
Let p be (637/14)/13*4. Let o(g) = -3*g + 22. Determine o(p).
-20
Let v(s) = s**3 + 21*s**2 + 37*s - 26. Let m be 38/(((-8)/14)/((-130)/(-14) - 9)). Determine v(m).
-7
Let n be (-40 - -1)/3*1. Let c(o) = -1765*o**2 - 136*o + 125*o + 17 + 1764*o**2. Calculate c(n).
-9
Let p be (-136)/(-51)*1*1*3. Suppose 0 = -0*o + p*o - 0*o. Let a(v) = 1 + v + v - 4*v**3 - 8*v**3 + o. Calculate a(-1).
11
Let k be (-750)/(-20)*12/9. Let q be 3/(-2*15/k). Let j(d) = -d**3 - 3*d**2 + 4*d - 7. Give j(q).
23
Let k(z) = -z**3 + 5*z**2 - 4*z - 5. Suppose 0 = 137*a - 141*a + 240. Suppose -66*s + 30 = -a*s. Give k(s).
-25
Let f = -205 - -559. Let l = f - 351. Let o(t) = 4*t**2 - 3*t - 4. Let u(q) = -3*q**2 + 3*q + 4. Let a(b) = 2*o(b) + 3*u(b). Determine a(l).
4
Suppose 7*u - 3*s - 82 = -24, -47 = -5*u + 4*s. Let q(t) be the third derivative of t**5/60 - 5*t**4/12 - t**3/3 - t**2. Determine q(u).
-23
Let v(p) = 25 + 0*p - 50 - 3*p**2 + 18*p + 35 - 11*p. Let w(n) = 2*n**2 - 6*n - 7. Let y(t) = 3*v(t) + 4*w(t). Determine y(3).
-16
Suppose -3*l + 2*i = 5, 6*l - 5*i = l - 5. Let n(p) be the second derivative of 0*p**3 + 14*p - 1/12*p**4 - 3/2*p**2 + 0. What is n(l)?
-12
Suppose 0 = 18*b - 95 + 275. Let u(r) = 2*r - 4*r**2 - 3*r**2 - 5*r**2 + 23*r**2 - 3 + 3